 - (144 - 315))
87
What is the value of 15 + -33 - -13 - -44?
39
What is (-4 - (1 + -5)) + 33 + 28 + (5 - 138)?
-72
What is the value of -25 - -19 - (-87 + (7 - 9)) - 11?
72
Calculate (-8 - -37) + 57 + -52 + 26.
60
30 + -21 + 10 + 9
28
What is 3 + -3 + -42 + 151 + -119 + (-19 - 1)?
-30
125 + (-35 - (31 + -42 + -3))
104
What is the value of (-2 - 1) + (270 + -297 + -1 + -3 - -12)?
-22
What is the value of 12 - 12 - 10 - 3 - (-4 + 3 + 85)?
-97
What is -43 + (39 - (83 - 37)) + -21?
-71
Calculate (-36 - (2 - 0)) + (11 - (54 + -59)).
-22
Evaluate -4 + 123 + 31 + -23 + -16 - -1.
112
What is -40 + 30 + -1 + 16 - (-61 - 1)?
67
Evaluate -57 - (-7 - ((0 - 8) + -14 + 17)).
-55
What is -48 - -4 - (590 - 657)?
23
-3 + (3 - -9 - (15 - (24 - 9)))
9
Evaluate (66 - 56) + -3 + 1 + -1 + -74.
-67
Calculate 4 - 122 - -21 - -22 - -27.
-48
What is (-66 - (-44 - -8)) + 44?
14
Evaluate (-17 - (4 + 97 + -41)) + (-3 - (-4 - 0)).
-76
What is (107 - 99) + -24 + 8 + -11?
-19
Evaluate (7 + -4 - 111) + (78 + 66 - 144).
-108
What is (88 - (-56 - -115)) + (-84 - 4)?
-59
Evaluate 12 + -4 + -11 - (64 - 44).
-23
What is the value of 4 + 29 + -29 + 13?
17
What is 6 + -2 + -19 - -5 - (-33 + 35) - 14?
-26
What is the value of 4 + -12 + (-20 + 27 - (36 + 3 - 4))?
-36
What is -17 + 27 + (5 - (-3 + -1 - 17)) + 2?
38
What is -16 + (6 - (-13 - -18)) + 40?
25
What is the value of (1 - 0) + (1 + 9 - 30) + -2?
-21
What is the value of -7 + 15 + -14 - (-9 + -4 + -1) - 11?
-3
-131 + 154 + -57 + -3 + -7
-44
Calculate 52 - (-31 - 10 - -93).
0
Calculate (19 + 0 - (-1 - -11) - 4) + -30.
-25
What is the value of (-84 + -103 - -183) + (-2 + -52 - 2)?
-60
(8 - ((-10 - (-8 - (-2 - -12))) + 12)) + 10
-2
What is the value of 1 + 15 - ((-99 - -109) + (-1 - -1)) - 70?
-64
What is -42 + -21 - (114 + -152)?
-25
What is 10 - (-39 - -13 - -36 - -52)?
-52
Calculate -78 + (27 - -45) - (-3 + -2 - (-2 + 1)).
-2
Evaluate 1 - -56 - 0 - (164 + -192).
85
(30 - (-99 + 63)) + 13
79
Evaluate 14 + 0 + (97 + -240 - -112).
-17
Evaluate (-13 - (-5 - 3) - 28) + 59 + -48.
-22
What is the value of -491 + 475 + (-19 - (1 + 1))?
-37
1 + 32 + -28 + -25 + -3 + 1
-22
Evaluate (56 - 58) + (-52 - (4 - -18)).
-76
-32 + -1 + 27 + -18 - -17 - -9
2
What is (-15 + 29 + -17 + 5 - -4 - -2) + 81?
89
-36 + (143 - (195 + -5))
-83
What is -16 + -3 + 11 + -12 + 4 + -2 + 8?
-10
What is 35 - (-1 - -6 - (6 - -1 - -4))?
41
Calculate -3 + 47 + (-6 - (-8 - -5 - 4)) + 9.
54
Calculate (107 - (21 - -78)) + -2 + 2 + 37.
45
What is (-25 + 10 - -33) + 40 + -12?
46
Calculate (-58 - -20) + -25 - (-51 + 36).
-48
Evaluate (-3 - -2) + 59 - 2 - (-30 + (-63 - -98)).
51
What is the value of -8 + 2 + (68 - (52 + 26)) + (0 - -12)?
-4
What is the value of -15 - (1 + -16 + 0 + 30 + -33)?
3
Evaluate -31 + 32 + 19 + -10 + (0 - -1).
11
38 + 0 - (2406 + -2354)
-14
Calculate -63 + (0 - (-22 + 6 + 23)) - -17.
-53
What is 0 + -8 + ((8 - -1) + 4 - (-84 - -84))?
5
What is the value of 15 - 8 - 2 - -1 - (7 - 105)?
104
What is the value of 6 + 75 + -106 - 53?
-78
What is the value of 16 + -13 + -2 + 2 - ((-3 - 1) + 22)?
-15
Calculate -525 + 447 - (4 + (2 + -7 - -8)).
-85
What is the value of (531 - 530) + 3 + 50 + 4?
58
What is the value of -8 - (-8 + 8 + -15 + 11 + -2)?
-2
Evaluate (1 - (1 - 13)) + (-6521 - -6535).
27
0 + 96 + (31 - 16 - 19 - (8 + -9))
93
-13 + 19 + -20 + (-5 - -8 - -76) + -9
56
Evaluate (7 - (-3 - -1)) + (18 + -23 - 4) - -3.
3
Evaluate 47 + (-155 - -29) + 10.
-69
Calculate -5 + -70 + (311 - 265).
-29
Calculate -22 - -3 - (-12 + 8 - -11 - 19).
-7
Calculate -2 + 45 + (-12 - ((5 - -1) + -13 + -17)).
55
What is -12 - -22 - (97 - (3 - 6)) - (31 + -25)?
-96
Calculate 3 + -28 + -10 + 13 + (-3 - -12).
-13
What is 6331 - 6267 - (84 - -1)?
-21
Calculate -4 - (10 - 2) - (10 + -37 + -25).
40
Evaluate -8 - (-13 - 1 - (97 + -1 + -2 + 5)).
105
What is the value of -696 + 680 + (1 - (-1 - 6)) - 65?
-73
Calculate 12 + 12 + 70 - (95 + -145).
144
Evaluate -143 - -72 - -105 - 104.
-70
Evaluate -28 - (160 + -22 + -30).
-136
What is the value of -156 + (89 - 4) - -22?
-49
Calculate (-31 - ((-2 - -13) + 451 + -593)) + 0 + -7.
93
What is the value of -28 - (-5 + -31) - (1 + -2 - -7)?
2
Calculate (65 - 58) + 26 - (26 + 15).
-8
What is -9 - 1 - (-288 + (229 - -100))?
-51
Evaluate -51 + -5 + -13 + 4 + 1 + 5.
-59
What is 886 - 1045 - (-64 + 6)?
-101
Evaluate -17 - (132 + -186) - -48.
85
(37 + -104 - ((-3 - -1) + -10)) + 11
-44
What is 118 + -13 - (36 - -28)?
41
-37 + -25 + 17 + 3
-42
(2 - (5 - 4)) + 33 + -44 + 6
-4
What is the value of 5 + 0 + 0 - -48 - (19 + (-33 - -9))?
58
Evaluate -2 + (14 - (122 + -114 + -1 + -2)).
7
What is the value of (2 - -20) + (195 - (-107 - -222))?
102
What is the value of -4 + (2 - 18) + 1 - (-15 + 4)?
-8
What is the value of -8 + (-9 + 0 - (-44 - (-97 - -32)) - -11)?
-27
What is -40 - (8 - -11) - (-2 - -10 - (11 - 16))?
-72
What is 114 - 0 - (280 + -221)?
55
-9 + (-27 - -103) + 32 + -40
59
What is the value of 24 - -2 - (2379 - 2399)?
46
Calculate -1 + 0 + (-60 - -59 - 26).
-28
What is the value of 1482 + -1390 - (110 - -2)?
-20
267 + -258 - (9 + 0 + 0 + -4)
4
Calculate 6 - (16 + 6) - (-22 - 45).
51
Evaluate -91 + (102 - -90 - -3).
104
Evaluate 22 + 28 - (-9 - (1 + 0)).
60
What is the value of 16 - (-19 + (7 - (-17 + 32 + -16)))?
27
What is the value of 1 + 1 + -3 - (1148 - 1154)?
5
Evaluate 20 - (0 + -3 - 4) - (11 - -7).
9
What is the value of 0 - 3 - (-159 + 235 + -102)?
23
What is -68 + (14 + -11 + -16 - (-1 - 29))?
-51
What is (-126 - 59 - -107) + -6?
-84
42 + -106 + 32 + 67
35
What is (-117 - (174 - 273)) + 0 + -24 + -17?
-59
-8 + (81 - 34) + -40
-1
Calculate -10452 + 10501 - (-77 - 1).
127
What is the value of 1272 - 1315 - ((0 - -2) + -8)?
-37
Calculate -17 - 0 - ((156 - 311) + 153).
-15
What is the value of -88 - -72 - (6 + -11 - 43)?
32
What is the value of (-4 - -44) + -58 + -13?
-31
Evaluate 6 + 9 + (13 - 21) + 36.
43
(7 + -9 + -9 - -3) + (6 - 56 - -8)
-50
Evaluate 5 + (9 - (5 - -100)).
-91
What is 71 - (90 - -75 - 99)?
5
Calculate 35 + (8 - (12 + -2) - (-6 + 3 + -5)).
41
What is -116 - (-14 + (-13 - 12) + 17)?
-94
What is (-124 - -140) + (10 - -5)?
31
-27 - (91 + -89 - (3 - (3 - 15)))
-14
Evaluate 11 + -1 - (-24 + 2 + 38 - (-10 - 1)).
-17
What is -2 - (-1 - -5) - (-3 + 27 - 58)?
28
What is the value of 17 + (-4 - -14 - (2 + 0 + 8 + 5))?
12
What is the value of -3 + 6 + 1 + -7 + 21 + 9 + -17?
10
Evaluate -3 + 0 + -9 + -12 + (27 - 13) + 59.
49
What is the value of (21 - 20) + -7 + (-22 - -17) + 31?
20
-21 - (-86 + 79) - (3 + (-2 + 3 - 3))
-15
What is -24 + (40 - 24) - (16 + 4 - -2)?
-30
Calculate 63 + 0 + (-17 - 2 - -21) + 89 + -85.
69
47 + 1 + 127 + -154
21
What is 2 + 15 - 3 - (13 - -29 - 24) - 59?
-63
Calculate (-1 + -1 + -7 - -7) + -34.
-36
Evaluate -194 - -184 - ((-5 - (0 + 3)) + 4 + -29).
23
What is -67 - ((-34 - -14) + (17 - 38))?
-26
What is the value of 0 - ((16 + -4 - 4) + (11 + 24 - 23))?
-20
Evaluate 13 + (-52 - (34 + -32)).
-41
What is the value of (-6 - 0) + 32 + -21 + 36 + -17?
24
What is the value of (23 - (20 + -22 + 8)) + 30?
47
Evaluate 5 + -12 + (13 - -2) - 108.
-100
3 + -7 + (-8 - (-172 - 12) - 15) + -1
156
Calculate 125 - 114 - (6 - (-2 - (3 - -28 - 6))).
-22
What is the value of -22 - -72 - 59 - (-1 + 0 + -73)?
65
What is the value of -4 + 9 - (4 + 2) - (2 + -16)?
13
Calculate (36 - (6 - (-57 + 36))) + 0 + -25.
-16
Calculate -66 - ((-2 - 14 - -21) + 5 - 0).
-76
Evaluate 7 - (147 + -16 + -2 + -41).
-81
Evaluate -131 + (47 - -104) + (-1 - 1).
18
What is (-44 + -5 - -34) + (-2 - (-12 + 2))?
-7
What is (15 - -1 - (57 + -57)) + -13 - 17?
-14
Calculate (1 + 1 - 16) + 3 + (-83 - -73).
-21
What is the value of 25 + 7 - 21 - (-15 - 7)?
33
Calculate -1 + 64 + 654 + -721.
-4
Calculate (1 - (15 - 1)) + -143 + 92 + 38.
-26
What is -5 - (-1984 + 1960 + 39 + -1)?
-19
-41234 + 41263 + (-2 - (-1 + 1 - -1))
26
What is the value of 205 + -110 + (9 - (3 - 3)) - (2 - -3)?
99
What is -26 + 272 - 281 - (-1 - (1 - (1 - 0)))?
-34
What is the value of 16 + (11 + -89 - -10) + (1 - -2) + 1?
-48
What is -28 + -28 + (177 - 144)?
-23
Calculate 5 + -14 - (-21 + 42 + -11).
-19
Evaluate (-23 - (-8 - -7) - -12) + -14.
-24
Calculate -33 - (-10 - (-3 + (-23 - -5))).
-44
(-2392 - -2468) + (-23 - (-3 - 2) - 2)
56
Evaluate 10 + (-4 - -6 - 5) + -9 - 41.
-43
-12